eatest common divisor of 5 and w.
5
Let l be (-72)/(-32) + 1/(-4). Calculate the highest common divisor of 5 and l.
1
Suppose 4*i = i + 21. Let h = -5 + i. Let z(p) = p**2 - p + 8. Let q be z(0). Calculate the greatest common divisor of h and q.
2
Let g(t) be the third derivative of -2/3*t**3 + 0 - 1/12*t**4 - t**2 + 0*t. Let m be g(-6). What is the greatest common factor of 12 and m?
4
Let d = -486 - -702. Suppose 2*g + 2*g = d. Let w be (12/9)/((-4)/(-18)). What is the highest common divisor of w and g?
6
Let u = -41 + 44. Calculate the highest common divisor of u and 15.
3
Suppose 3*w = 12, 2*o + w + w = 38. Suppose 0 = 2*d + 2*d - 40. What is the highest common divisor of d and o?
5
Let m(a) = 8*a - 3. Let n be m(2). Let o = 58 - n. Suppose 2*v = -t + 26, -3*t - 17 - o = -4*v. What is the greatest common divisor of 14 and v?
14
Let l(q) be the second derivative of q**5/20 + 5*q**4/6 + 4*q**3/3 - 4*q**2 + 3*q. Let m be l(-8). What is the greatest common divisor of m and 7?
7
Let a be (-4)/42*-9*7. What is the greatest common factor of a and 2?
2
Let s = 35 + -13. Let v = -5 + -21. Let n = v + 37. What is the highest common factor of n and s?
11
Let o be 810/42 + (-4)/14. What is the highest common divisor of o and 152?
19
Suppose 0*f - f = -2*n - 45, 4*f = n + 215. Calculate the highest common factor of f and 5.
5
Let s = 29 - 19. Suppose 27 = v - r, 11 + 31 = v + 4*r. Calculate the greatest common divisor of s and v.
10
Suppose 9*v - 36 = 3*v. Calculate the greatest common divisor of v and 60.
6
Suppose 9 = 2*i - 1. Calculate the greatest common divisor of 35 and i.
5
Suppose -14 = -5*h + 26. Let o = 6 - h. Let l be (-1)/(-2) + (-37)/o. Calculate the greatest common factor of 133 and l.
19
Let o = 183 + -128. Suppose o = 2*x + 5*m, 2*x + 2*m - 4*m - 34 = 0. What is the highest common factor of 10 and x?
10
Let n be 32/(-144) - 22/(-18). Calculate the greatest common divisor of 4 and n.
1
Suppose -7 = -2*n + 1. Let v be 60/(-3*n/(-18)). Calculate the greatest common factor of v and 36.
18
Let i = 3 + 13. What is the greatest common factor of i and 16?
16
Suppose -3 - 1 = -2*t. Let n(v) = -v - 4. Let j be n(-6). Suppose j*w + t*w = 48. What is the greatest common factor of w and 108?
12
Let g be 2/((-8)/(-20)) + 67. What is the greatest common factor of 36 and g?
36
Let o(q) be the third derivative of -q**5/60 - 5*q**4/12 + 5*q**3/3 + q**2. Let l be o(-10). What is the highest common divisor of l and 1?
1
Let n = -79 - -153. Let m = n - 44. Calculate the highest common divisor of 12 and m.
6
Suppose w = -2*x - 24 + 89, 165 = 5*x + 3*w. Calculate the greatest common divisor of 120 and x.
30
Suppose 4 = 2*v - 6. Suppose -v*m + 4*y - 20 = -106, 0 = -y + 1. What is the highest common factor of m and 27?
9
Let x be (-22)/99 + 562/18. Let w be (1 + x)*(-25)/(-4). Let d = 15 - -10. What is the highest common divisor of d and w?
25
Let l(q) = -q**3 - 3*q**2 + 2*q - 2. Let y be l(-4). Let r be (-12)/(-5) - y/15. Let g = r - -8. Calculate the highest common divisor of g and 50.
10
Let u = 164 + -67. Suppose -3*a - d = -0*d - u, 3*d + 15 = 0. Let f be 7/((-21)/204)*(-1)/4. Calculate the highest common factor of f and a.
17
Suppose 81 = 2*d + 3*d + 4*t, -4*t = 2*d - 42. What is the greatest common factor of 13 and d?
13
Let s(p) be the third derivative of p**4/6 + 4*p**3/3 - 5*p**2. Let c be s(4). Calculate the greatest common divisor of c and 8.
8
Let k be 22/3 + (-16)/(-24). What is the highest common divisor of k and 72?
8
Suppose 2*k + 5*c = 2 + 1, 5*k + 4*c = 50. Let n(u) = -u**2 + 8*u - 10. Let f be n(6). Suppose -4*q + k + f = 0. What is the highest common divisor of 44 and q?
4
Let s(l) = -l**3 + 4*l**2 + 5*l + 5. Let v be s(5). Calculate the highest common divisor of 20 and v.
5
Suppose -3*f - 208 = -5*n - 21, 2*n - 78 = 2*f. Calculate the highest common divisor of 7 and n.
7
Let t(n) be the first derivative of 5*n**4/4 - n**3/3 + 2*n - 2. Let c be t(3). Let u = c + -32. What is the greatest common divisor of 12 and u?
12
Let g be (16/5)/(2/5). Let c(k) = -k**3 + 9*k**2 - 8*k + 6. Let j be c(g). Calculate the greatest common divisor of j and 42.
6
Suppose 2*m = -a + 347, 2*a + 362 = -m + 3*m. Let l be (-1115)/(-25) - 4/(-10). Suppose l = -4*z + 133. What is the highest common divisor of z and m?
22
Suppose s = 3*x + 9, -5*x - 15 = -s - 0*x. Suppose -u + 0*u + 14 = s. Let c be (u + -2)*2/6. Calculate the highest common factor of c and 6.
2
Suppose -2*p + 3*z = 4*z - 22, 0 = -2*p - 4*z + 34. Suppose 2*l - 21 = -p. What is the greatest common divisor of l and 24?
6
Suppose 0 = 9*g + 4*g - 143. Calculate the highest common factor of g and 121.
11
Suppose -4*b = -0*b - 340. Suppose -3*v = -v - 68. Calculate the greatest common divisor of v and b.
17
Suppose -5*j - 4*o - o + 135 = 0, -2*o = 10. Suppose -4*h + 31 = 5*s - j, s = 3*h + 5. Calculate the highest common divisor of 99 and s.
11
Let z = 92 + -84. Let o = -61 - -117. Calculate the highest common divisor of z and o.
8
Let h be 33 - (-1 - (-1 - 3)). What is the greatest common divisor of 10 and h?
10
Let r be (-282)/(-22) - (-24)/132. Calculate the greatest common divisor of 169 and r.
13
Let z = -11 - 2. Let r = -8 - z. Calculate the greatest common factor of 5 and r.
5
Let g = -108 - -153. What is the greatest common factor of g and 15?
15
Suppose m - 45 = -2*o - 0*o, 5*o = -3*m + 111. Let b = o - 4. Suppose 3*k = -2*f + 54, -k = -5*f + 145 + 7. Calculate the highest common factor of b and f.
10
Let z be ((-1)/2)/((-5)/60). Let r be (-1 - 0/4) + 6/2. Calculate the highest common divisor of z and r.
2
Suppose 0 = -6*l + 33 + 3. Calculate the greatest common factor of 3 and l.
3
Let i(b) = -b**3 + 4*b**2 + 7*b - 7. Suppose 11 = -5*n - 9. Let r = 1 - n. Let q be i(r). What is the highest common divisor of 21 and q?
3
Suppose -2 = 2*c - 92. Suppose 3*m - c = -0*m. Calculate the highest common factor of 15 and m.
15
Let c be (-404)/(-36) + 2/(-9). Suppose 0 = -0*z - 2*z + 14. Let k be 3/z + (-755)/(-35). Calculate the greatest common factor of c and k.
11
Suppose -4*u - 8 = -0*u. Let s be (-2)/(-4)*u*-12. What is the greatest common factor of 108 and s?
12
Let n = -47 + 111. Let j = -26 - -10. Let o = j + 24. What is the highest common divisor of o and n?
8
Let w be (-605)/35 - 2/(-7). Let p = w - -33. Calculate the greatest common divisor of 16 and p.
16
Let v = 290 - 190. Suppose 6*h = 3*h + 12. Suppose h*m - 200 = -m. Calculate the greatest common factor of v and m.
20
Suppose o + 11 = 3*u, 2*o - 7*o - 4 = 2*u. Calculate the greatest common divisor of u and 15.
3
Let i = -293 + 455. What is the highest common divisor of i and 18?
18
Let w be -2*3/(-2) + -1. Let v = 70 + w. What is the greatest common factor of 48 and v?
24
Suppose 0 = -4*y - 0 + 16. Suppose -4*s + 4 = y*w, -2*w + 2 = s - 2*s. Let t be (-14)/(-8) - 2/(-8). What is the highest common factor of t and w?
1
Suppose -3*h + 38 = 2*a - 4*h, 72 = 4*a - 4*h. What is the greatest common factor of a and 340?
20
Let k(q) = -q + 4. Let m be k(6). Let u be -3 - 84/(m - 0). Calculate the greatest common divisor of 26 and u.
13
Let k = 0 + 7. Suppose -p - 3*p = 2*i - 64, -5*p = -5*i + 130. What is the greatest common factor of k and i?
7
Let w(i) = -i**3 - 7*i**2 + 10*i + 8. Let f = 9 - 17. Let c be w(f). Let a be (-558)/c + 2/8. Calculate the highest common factor of a and 14.
14
Let r = 1 - -4. Let j = -3 + r. What is the highest common divisor of 20 and j?
2
Let v be 1260/75*(-5)/(-1). Calculate the highest common divisor of 56 and v.
28
Suppose 4*r - 7 - 1 = 0. Suppose 0 = -r*c + 3 + 65. Calculate the greatest common divisor of c and 17.
17
Suppose 132 = 2*v - 4*f, 0 = 3*v - 5*f + 2*f - 195. Calculate the highest common divisor of v and 16.
16
Let v(p) = 37*p**2 - 2*p + 1. Let t be v(1). Suppose 17 = 3*c + 2*y - 23, -2*c + y = -t. Calculate the highest common divisor of c and 48.
16
Let t(m) = 5*m**2 + 2*m + 6. Suppose -4*k + 21 = i, 3*i + 6 = k - 9. Let p be t(k). Let n = 45 - 27. Calculate the greatest common divisor of n and p.
18
Let t = 135 + -101. What is the greatest common divisor of 272 and t?
34
Suppose -5*o - 3*t = -139, 4*o - t = 45 + 56. What is the highest common divisor of 156 and o?
26
Let p be (9/6)/(12/64). Calculate 